0)?
278
Let h(z) = -z**3 - 548*z**2 - 554*z - 3719. What is h(-547)?
110
Let q(i) = -i**3 + 39*i**2 + 141*i - 3147. Give q(40).
893
Let z(t) = -t**3 - 2772*t**2 + 10848*t + 1024. Determine z(4).
0
Let p(g) = -17*g**2 - 22*g - 26. Determine p(-4).
-210
Let y(m) = 8*m**3 - 55*m**2 - 10200*m + 71341. What is y(7)?
-10
Let b(a) = -320*a - 100174. Determine b(-312).
-334
Let a(h) = -4*h**2 - 50*h + 658. Calculate a(15).
-992
Let x(a) = 5429*a + 21736. Determine x(-4).
20
Let d(v) = -v**3 - 172*v**2 - 1006*v - 2024. What is d(-166)?
-364
Let c(p) = 8*p**2 - 128*p + 454. What is c(7)?
-50
Let c(z) = -z**2 - 1349*z - 239193. Give c(-210).
-3
Let r(k) = 1376*k - 147378. Calculate r(107).
-146
Let p(z) = 33*z**3 + 304*z**2 - 2931*z - 993. Calculate p(-15).
-3
Let m(g) = 29640*g - 1689486. Determine m(57).
-6
Let q(c) = -4*c**2 - 306*c - 1523. Determine q(-78).
-1991
Let b(k) = k**3 - 25*k**2 + 100*k + 106. Give b(20).
106
Let w(x) = -285*x**2 + 38*x - 111. Determine w(3).
-2562
Let a(f) = -122*f**2 + 116704*f + 47853. Determine a(957).
3
Let o(g) = -105*g + 7515. Give o(72).
-45
Let x(l) = -l**3 - 12*l**2 + 54*l + 64. Give x(9).
-1151
Let f(h) = -h**2 - 45852*h - 504235. Give f(-11).
16
Let o(f) = -f**3 - 32*f**2 - 109*f - 1875. Give o(-31).
543
Let o(b) = 3*b**3 + 51*b**2 - 184*b - 3190. Determine o(-18).
-850
Let l(i) = 3*i**3 - 558*i**2 + 5720*i - 39. Calculate l(11).
-644
Let z(l) = l**2 - 14859*l + 902603. Calculate z(61).
-75
Let j(r) = 114172*r + 1598354. Determine j(-14).
-54
Let p(f) = -2*f**2 - 11*f - 355. Give p(-19).
-868
Let w(u) = 11822*u + 105469. Determine w(-9).
-929
Let i(f) = -5*f**2 + 2442*f + 157258. Determine i(546).
10
Let v(w) = -25307*w + 152189. Give v(6).
347
Let v(r) = -r**2 - 147*r + 7730. Give v(-188).
22
Let f(i) = 4053*i - 4049. Determine f(1).
4
Let i(s) = 399*s - 578. What is i(-8)?
-3770
Let a(g) = 17*g**3 - 28*g**2 + 28*g - 3. Determine a(1).
14
Let g(d) = -3*d**3 - 25*d**2 + 4098*d - 135. What is g(33)?
63
Let v(f) = f**3 + f**2 - 40*f + 213. What is v(7)?
325
Let g(f) = -3956*f + 74617. Calculate g(19).
-547
Let z(x) = 13192*x + 13877988. Determine z(-1052).
4
Let m(j) = j**2 + 579*j + 8622. Determine m(-15).
162
Let h(j) = 6*j**2 + 25015*j - 629120. Give h(25).
5
Let m(n) = 15*n + 165. Determine m(-34).
-345
Let p(q) = -805*q**3 - 62*q**2 + 57*q + 1. Calculate p(1).
-809
Let w(t) = 36*t**3 - 492*t**2 + 337*t - 23. Calculate w(13).
302
Let a(s) = -102*s + 8171. Give a(79).
113
Let n(a) = 3*a**3 - 107*a**2 - 64*a + 493. Give n(36).
-515
Let h(q) = -3*q**3 + 5*q**2 - 543*q + 2973. Determine h(5).
8
Let i(s) = -99*s + 2002. What is i(53)?
-3245
Let w(x) = 264*x**2 - 285*x + 15. What is w(1)?
-6
Let z(t) = 461*t + 16778. Determine z(-36).
182
Let j(k) = -20*k**2 - 90*k - 36. Calculate j(1).
-146
Let r(v) = 88*v**2 + 113*v + 200. Determine r(-2).
326
Let k(l) = l**2 - 5*l - 19658. Determine k(139).
-1032
Let i(k) = -20*k**2 - 5689*k + 3126. Calculate i(-285).
-9
Let k(w) = -5026*w + 9597. What is k(2)?
-455
Let r(k) = -1423*k**2 - 7131*k - 5. Calculate r(-5).
75
Let d(s) = -3*s**3 - 96*s**2 + 21418*s + 148. Calculate d(70).
8
Let m(l) = l**3 + 838*l**2 - 1696*l - 13442. Determine m(-840).
-2
Let n(i) = -2*i**2 + 89*i + 1563. Give n(45).
1518
Let f(s) = 4*s**3 - 320*s**2 - 995*s - 60. Determine f(83).
23
Let s(t) = -t**2 + 17444*t + 1138117. Give s(-65).
32
Let j(y) = -1093*y - 4191. Calculate j(-4).
181
Let u(d) = -224*d**2 + 12535*d + 497. Give u(56).
-7
Let x(n) = 1715*n - 145701. Determine x(85).
74
Let t(k) = -2*k**3 - 89*k**2 + 33*k + 3388. Calculate t(-44).
0
Let r(f) = -2*f**2 - 895*f + 29675. Calculate r(31).
8
Let g(u) = u**3 + 58*u**2 - 1577*u - 1377. What is g(-78)?
-51
Let g(d) = 53*d + 5262. Give g(-69).
1605
Let b(x) = -96*x + 23053. Determine b(197).
4141
Let j(r) = 174226*r + 10976224. Calculate j(-63).
-14
Let l(p) = 2*p**3 + 39*p**2 - 495*p - 9778. Determine l(-19).
-12
Let q(s) = 45*s + 3138. Calculate q(37).
4803
Let o(t) = 4474*t - 188033. Determine o(42).
-125
Let i(a) = 2*a**2 + 647*a + 104. What is i(0)?
104
Let g(y) = -23*y**2 + 463*y - 1947. Give g(4).
-463
Let m(z) = -79*z + 7192. Give m(81).
793
Let u(x) = 45*x - 1803. Calculate u(41).
42
Let a(r) = 5*r**3 - 191*r**2 + 1772*r - 74. Calculate a(16).
-138
Let z(g) = -4193*g - 8249. What is z(-2)?
137
Let j(v) = -v**3 - 291*v**2 - 2549*v - 56. Determine j(-9).
43
Let o(p) = 2*p**3 + 1101*p**2 + 294*p - 140943. Determine o(-550).
-143
Let f(s) = 2*s**3 - 21*s**2 + 224*s - 2256. Determine f(10).
-116
Let s(l) = 6*l**3 + 276*l**2 + 760*l - 518. Give s(-43).
84
Let i(r) = 14*r**2 + 464*r + 92. Determine i(-32).
-420
Let o(l) = -2*l**3 - l**2 + 170*l + 1497. Determine o(-8).
1097
Let p(c) = 55*c**2 - 919*c + 4603. Calculate p(5).
1383
Let d(z) = -12*z**2 + 4567*z - 268271. Calculate d(308).
-3
Let a(j) = 318*j - 32099. Calculate a(101).
19
Let c(n) = 1616*n - 106651. What is c(66)?
5
Let u(f) = 2*f**2 + 33992*f + 101961. Calculate u(-3).
3
Let s(l) = l**2 + 11797*l + 153225. What is s(-13)?
33
Let n(l) = -83*l - 356. Determine n(-6).
142
Let s(i) = 9*i**2 + 1177*i - 14371. Calculate s(-142).
-29
Let f(n) = -10*n**3 + 150*n**2 - 1977*n + 29645. Calculate f(15).
-10
Let r(l) = 15981*l - 1326422. Determine r(83).
1
Let w(n) = 29*n**3 + 925*n**2 - 116*n - 656. Calculate w(-32).
-16
Let d(q) = 45*q**2 + 987*q - 2321. Calculate d(-24).
-89
Let g(y) = 6*y**2 - 1923*y - 142257. Determine g(-62).
33
Let u(b) = -b**3 - 87*b**2 + 9684*b - 1237. Determine u(64).
43
Let f(z) = 4464*z**2 + 53565*z + 9. Give f(-12).
45
Let n(t) = -2859*t - 743335. Determine n(-260).
5
Let j(v) = -45*v**3 - 21871*v**2 - 473*v + 6308. Determine j(-486).
-10
Let x(y) = 2*y**3 - 466*y**2 - 472*y + 14. Calculate x(234).
-922
Let a(o) = 95046*o + 475248. What is a(-5)?
18
Let v(h) = -h**2 - 13229*h - 698315. Determine v(-53).
13
Let r(d) = -2*d**3 - 26*d**2 + 56*d - 18791. Give r(-27).
109
Let y(v) = 15*v**2 - 1945*v + 12266. What is y(123)?
-34
Let g(i) = 13382*i + 374708. What is g(-28)?
12
Let z(h) = -6*h**3 + 257*h**2 + 1048*h - 72. Calculate z(-4).
232
Let t(d) = d**3 - 637*d**2 + 3789*d - 70. What is t(6)?
-52
Let b(r) = r**2 - 7341*r + 2300259. Calculate b(328).
-5
Let a(g) = 25938*g - 155610. Determine a(6).
18
Let r(y) = -1683*y - 48712. Calculate r(-29).
95
Let o(g) = 12348*g + 135614. Give o(-11).
-214
Let s(f) = -1349*f - 787826. Determine s(-584).
-10
Let h(v) = -48*v**3 - 10369*v**2 - 220*v - 870. Give h(-216).
-6
Let l(i) = -320*i - 72470. What is l(-226)?
-150
Let v(z) = 56934*z + 569356. Give v(-10).
16
Let r(c) = -2*c**3 - 38*c**2 - 47*c + 452. Calculate r(-17).
95
Let i(u) = -68696*u - 549765. Calculate i(-8).
-197
Let z(r) = -r**3 + 84*r**2 - 608*r - 1. Calculate z(76).
-1
Let x(b) = 5*b**2 + 1279*b + 78719. Calculate x(-103).
27
Let g(i) = 205*i - 3970. Give g(20).
130
Let v(h) = 4*h**2 + 210*h - 2383. What is v(12)?
713
Let a(g) = -2*g**3 - 94*g**2 + 24*g - 3497. Calculate a(-48).
-41
Let d(x) = 1343*x**2 - 37578*x - 714. Give d(28).
14
Let h(a) = -8139*a - 325691. Determine h(-40).
-131
Let m(j) = -j**2 - 382*j - 23919. What is m(-80)?
241
Let b(r) = -13*r**3 - 10*r**2 + 12*r - 27. What is b(4)?
-971
Let f(y) = -y**2 + 242*y + 12214. What is f(-49)?
-2045
Let r(i) = -5*i**2 + 323*i + 1829. Give r(70).
-61
Let c(z) = -1767*z + 330460. Calculate c(187).
31
Let l(c) = 3*c**2 + 568*c + 12479. Give l(-164).
15
Let w(f) = -f**3 - 2*f**2 - 3686*f - 22199. Give w(-6).
61
Let y(m) = m**3 - 70*m**2 - 2004*m - 1561. Determine y(92).
279
Let v(z) = 3949*z + 35732. Give v(-9).
191
Let d(m) = 3*m**3 - 44*m**2 - 30*m + 230. Determine d(15).
5
Let k(c) = c**3 - 13*c**2 + 74*c - 209. Give k(6).
-17
Let q(w) = -693*w + 57125. Give q(82).
299
Let r(o) = 33*o**2 + 16632*o + 16608. What is r(-503)?
9
Let n(j) = 4*j**2 + 154*j + 46. Determine n(-26).
-1254
Let a(g) = g**3 + 142*g**2 + 438*g + 3086. Determine a(-139).
167
Let v(w) = -w**3 - 227*w**2 + 2*w - 716. Give v(-227).
-1170
Let y(f) = -f**3 + 40*f**2 - 81*f + 201. Give y(38).
11
Let q(y) = -157*y - 20160. Give q(-128).
-64
Let d(j) = -29*j**2 - 137*j + 189. What is d(-3)?
339
Let d(l) = -302*l - 14092. Determine d(-47).
102
Let v(z) = z**2 + 3999*z - 485805. Calculate v(118).
1
Let y(k) = -420*k**2 + 3803*k - 196. What is y(9